 - (9 - 6).
1
Evaluate -2 + 2 + 2 + -7.
-5
Calculate -7 + (1 - 0) + (9 - 9).
-6
Calculate 12 + 1 + -16 - (0 + -6).
3
(-4 - (-1 - (5 - 0))) + -4
-2
Calculate 8 + (-1 - (-8 + 10)).
5
-2 - (-7 + (2 - -3))
0
What is -9 - (-35 + 27 - (3 - 1))?
1
What is the value of 1 + (-9 - -9) + -9?
-8
What is the value of 13 - (11 - (0 - -6))?
8
What is the value of (-45 - -44) + (0 - -1)?
0
Calculate 0 + 5 - (-19 + 25).
-1
Calculate -4 + 1 + 0 + 11.
8
What is -1 + (9 - 3) + -5?
0
Evaluate 1 + (0 - (-4 - -4)) + -2.
-1
Calculate -1 - (9 + -8) - -8.
6
Evaluate -3 + (-6 - (-3 + 0) - -8).
2
What is the value of (2 - -2) + 0 + 0 + -2?
2
Calculate -2 - (0 - 2 - 1) - 6.
-5
Calculate (2 - -3) + 1 + -3.
3
What is the value of (-4 - -14) + -2 - (7 + -7)?
8
Evaluate 4 + (-1 - -1 - 1).
3
(0 - -3) + 4 + 8 + -15
0
What is the value of (-1 - 6) + (-25 - -33)?
1
Evaluate -6 + 3 - (4 - (-2 + 10)).
1
Calculate (0 - -5) + 3 - (3 + 1).
4
Evaluate -9 + 0 + 3 + 1 + 5.
0
5 + 0 - (10 - (7 + -10))
-8
Calculate -11 + 5 + -4 + 8.
-2
-3 + 5 - 6 - (-15 - -9)
2
-7 + (-4 - -6) + -2 - 3
-10
-6 + (3 - 5 - -18) - 3
7
Calculate -32 + 29 - (-3 - 1) - 0.
1
What is (-4 - -2 - (-2 - -4)) + 0?
-4
What is 5 + (-4 - -5) + -9 - -10?
7
6 + (-2 - 4) + -4
-4
Calculate 10 - ((34 - 7) + -10).
-7
(-2 - (-2 - -7)) + (4 - 5)
-8
What is 1 + -4 - (-8 + (1 - -4))?
0
What is (-4 - 1) + 0 - (-26 + 20)?
1
-1 + (-5 - -4) + 3 + -1
0
Evaluate -5 - (-10 + 2 + -3) - 2.
4
Evaluate -2 + (1 - (1 + 1)) + 2.
-1
Calculate (2 - (2 + -3)) + -12 + 6.
-3
Evaluate -6 + 3 + -1 + 9.
5
Calculate (0 - -3) + (90 - 99).
-6
What is (5 - 9) + 6 - 2?
0
What is 2 + -2 - (0 - -2 - -2)?
-4
What is (5 - -2) + -27 + 23 - 1?
2
-1 + 4 + 3 - 0
6
0 - (0 - (4 - 1) - -9)
-6
What is the value of 2 - (4 - (-1 + 5))?
2
Evaluate -1 + (-3 + -5 + 3 - -9).
3
What is the value of -3 + 3 + 0 + 0 + -3?
-3
What is 22 + -16 - (7 - 2)?
1
Calculate -5 + 1 + -1 + -1 + 2.
-4
What is the value of 0 + 3 + 0 - 4?
-1
What is the value of (5 - (3 - -5)) + 4?
1
What is -4 - (-4 - ((2 - 4) + 1))?
-1
(-12 - -9) + 11 - 7
1
What is the value of -2 + 1 + 3 + 2 + -7?
-3
What is 9 - 0 - (3 - -2) - -1?
5
1 - (-4 + 5 + 2 - -1)
-3
Evaluate 4 - (0 + 8 + -3).
-1
What is the value of -3 + 6 - (-6 + 6 + 0)?
3
Evaluate 8 - 4 - 9 - -2.
-3
What is (-15 - (6 - 11)) + 3?
-7
Evaluate 1 + (-6 - (0 - 3)) + 1.
-1
What is (-20 + 1 - -7) + 6?
-6
1 + -1 - (4 + 4 - 7)
-1
Calculate -7 - -1 - (-58 + 56).
-4
5 - (2 + (3 - -2)) - 4
-6
0 + -4 + 3 - -3
2
-1 - -6 - (3 - 2)
4
-2 + 1 + 0 + -5 + 5
-1
Calculate 9 + -2 - (12 - 8).
3
What is the value of -2 + (-3 - -4 - 1) + -4?
-6
What is the value of (8 - ((-3 - 3) + 12)) + 3?
5
Evaluate 0 - (2 - (4 + -7)).
-5
What is the value of (-8 + 8 - 0) + (-3 - 1)?
-4
-4 + -1 - (11 - 12)
-4
What is the value of -1 - 4 - -2 - (2 + -2)?
-3
Evaluate 248 + -254 - (1 - (-1 + 2)).
-6
What is the value of (26 - 24) + (1 - 1)?
2
-3 + 0 - 2 - -1
-4
Calculate 5 - (-2 + (-3 - 0 - -5)).
5
Evaluate -2 + -5 - (1 + -4) - -1.
-3
Calculate 15 + -11 + -12 + 3 + 3.
-2
1 + (-2 - (-8 + 13) - -6)
0
What is the value of 7 - (0 + 12 + -1)?
-4
Calculate 0 - -4 - (3 + -4).
5
0 - -13 - (-5 + 21)
-3
What is (1 - (4 - 1)) + 23 + -26?
-5
What is 2 - 2 - (2 + -2)?
0
(0 - 3) + (-6 - -13)
4
Evaluate 2 + (2 + -5 - 3) - 0.
-4
What is the value of 4 - 2 - (17 - (18 + -10))?
-7
What is the value of (1 - 0) + -4 + 7?
4
What is the value of -2 - (-2 + 7 + -1) - -4?
-2
Calculate (-5 - (-5 - -3)) + 4 + 1.
2
Calculate 8 - (-1 - -1 - (-60 + 47)).
-5
Calculate 116 - 105 - (-1 - -7 - 1).
6
2 - (5 + -8 + (7 - 9))
7
Evaluate 3 + (-1 - 1 - (5 - 5)).
1
What is the value of -1 + 0 + -5 + 5 + 1?
0
7 + -2 + 1 + -4 - 3
-1
Calculate (0 - 0) + 4 + 0.
4
Calculate 1 + -2 + (-1 - 0) + 6.
4
Evaluate 6 - (3 + -8 - (-14 + 10)).
7
Evaluate -9 + 1 + (2 - -2).
-4
What is the value of (-14 - -7) + -1 + -2 + 8?
-2
What is the value of -5 + (5 + -6 - -4) + 9?
7
(1 + 4 - 5) + 5 - 10
-5
Evaluate 0 - -3 - (1 - -5) - -1.
-2
1 - (1 - (-3 - (2 + -5)))
0
Evaluate -3 - 1 - (-4 - (2 + 2)).
4
Calculate -4 - 5 - (-1 - 6).
-2
What is the value of 0 + (-2 - (-7 + 5))?
0
6 + (1 - 2 - (-20 + 23))
2
What is -4 + (2 - 6) - -12?
4
Evaluate -9 + (-9 - -17) + 4.
3
What is the value of (-8 - -9 - 4) + 11?
8
What is -4 + -1 + 1 + 3?
-1
Calculate 4 + -1 + 0 + 4 - 4.
3
What is the value of (6 - (-4 - -10)) + -5 + 2?
-3
15 + (-7 + -5 - -1)
4
What is (8 - 3 - 7) + 5?
3
-4 - ((6 - 6) + -3) - -6
5
What is -2 - (-5 - (-12 + 14))?
5
What is the value of 8 - (23 + -13 + 3)?
-5
-2 + -7 + 7 + -6
-8
Evaluate 5 + -2 + 2 + -7 - -5.
3
Evaluate 10 + -6 - (0 - 1).
5
What is 10 + -6 + 4 + -3?
5
What is -6 - (-3 + 4) - (18 - 20)?
-5
Evaluate 8 + 6 + -1 + -6.
7
-8 - ((7 - 11 - -1) + -4)
-1
What is 0 + (-3 - -6) - (10 - 6)?
-1
-1 - (0 + (2 - 5) + 5)
-3
0 - 1 - 4 - (152 - 151)
-6
What is (-7 - (-2 + -4)) + 4 + -8?
-5
What is the value of -4 + 2 + (2 - -2) - 8?
-6
What is the value of -12 - (-12 - -1 - (16 + -21))?
-6
Calculate -2 - 1 - (4 + -9) - 0.
2
What is 0 - (3 - 2 - (14 - 14))?
-1
-6 + -2 + 6 - 6 - 1
-9
Calculate -1 + 0 - 7 - (-1 + -2).
-5
Calculate (6 - -1) + (-58 - -51).
0
-1 - (8 - 1 - (-24 - -23))
-9
-10 + 2 + 0 + 10 + -4
-2
What is the value of -1 - (0 + (3 - -2) + -11)?
5
What is -1 + 0 + (-4 - 0) + 2?
-3
Calculate (-1 - 2) + -2 + (-60 - -59).
-6
Calculate -5 + 8 + 1 + -3.
1
What is the value of -7 + (-9 - -11 - -8)?
3
Calculate 4 - (-11 + 6 - -16).
-7
Evaluate 0 + -5 - (-16 + 15).
-4
Evaluate -1 - (6 - 7 - (-3 - -8)).
5
Evaluate 5 - (-4 + 5 - -2).
2
Evaluate -5 + (2 - (-3 - 2)).
2
2 - (1 - 0 - (2 + 0))
3
Calculate -2 - (-1 + 7 + -6).
-2
What is the value of 10 - (-9 + 9 - -9)?
1
Calculate -7 + 9 + -1 + 3.
4
Evaluate -12 + (12 - -3) + -9.
-6
10 + (1 - -4) + -10
5
Evaluate (-3 - -4 - -1) + -7.
-5
What is 1 + (3 + 2 - (-1 - -10))?
-3
Evaluate -3 - -9 - (-63 - -63).
6
What is the value of -2 - (-8 - -11 - 3 - -5)?
-7
(-6 - -3) + 1 + 2 + 1
1
What is (5 - -5) + (3 - 8 - -3)?
8
What is the value of 7 - (6 + -3 + (-1 - -1))?
4
-5 + 8 - (-1 + -1 - -1)
4
Calculate 2 + -3 - -1 - -5.
5
-5 + 6 - (3 + -4 + 7)
-5
-2 - ((3 - -4) + -12) - 1
2
Evaluate (1 - -1) + -28 + 24.
-2
2 - (-5 + 5 - 2)
4
What is -2 - ((0 - -5) + -8)?
1
What is 2 - (1 - (-1 + 1))?
1
What is (72 - 77) + (2 - (-2 + 2))?
-3
Calculate 5 - (5 + -2 + 3).
-1
-11 + 14 - (-1 + -2 + 11)
-5
What is (8 - 12) + 4 - 5?
-5
What is (2 - (-6 - -6)) + (-3 - -3)?
2
Calculate -3 + (6 - (4 - 6)).
5
-5 + 3 - -10 - (3 - -1)
4
What is ((3 - 2) + 3 - 1) + 0?
3
What is the value of 36 + -34 + -1 + 0 + 1?
2
(-1 - -10) + (-12 - (6 + -14))
5
What is (15 - 10 - (0 + -3)) + -2?
6
Calculate 4 - -4 - (3 + 2 - -8).
-5
6 - (5 + 1) - (-2 + 0)
2
What is the value of -13 + 5 + -3 + (10 - 3)?
-4
Evaluate -5 + 9 + 1 - 4.
1
What is -4 + (6 - 9) + 16 - 5?
4
(-7 - -7 - -4) + -3 + 1
2
What is 1 + (-4 - (6 + -12))?
3
What is 4 + (-6 - -3) + (-4 - -7)?
4
Calculate -1 + (-2 - ((6 - 4) + -4)).
-1
Evaluate 1 + -1 - -1 - (3 + -7).
5
Evaluate -15 + 23 - (3 + 14).
-9
What is the value of 0 + 1 - (3 + 9 + -6)?
-5
Evaluate -2 - (4 + 1 + 2 + -1).
-8
Evaluate (1 - 12) + 0 + 5.
-6
1 + -1 + (-3 - (-6 + -1))
4
What is -4 - (-2 - (13 + -19))?
-8
What is the value of 3 + ((1 - -2) + -3 - -2)?
5
1 + 1 + 1 + 1
4
Evaluate 5 + (49 - 66) + 4 + 1.
-7
Calculate -4 - (-1 - 6 - -3 - -7).
-7
Evaluate 11 - (18 - 5 - 6).
4
Calculate 17 + -13 - (2 - 1).
3
-2 + (-2 - 6 - -4 - -4)
-2
-15 + 6 + 21 + (-7 - -1)
6
What is the value of 3 - (-5 + (3 - (1 + -3)))?
3
What is 8 + -19 - (-4 - (-1 - 0))?
-8
What is the value of (5 + 6 - 4) + -5?
2
What is 0 + 13 + (1 - 10 - -1)?
5
Calculate 3 + -3 + (11 - 7).
4
Calculate 52 + -57 + (-1 - -1).
-5
Calculate (1 - (-3 + 6 - 9)) + -3.
4
What is -3 + 0 + 2 - (1 + 2)?
-4
What is 2 + (2 - 4 - 10)?
-10
Evaluate (-1 - 4 - -1) + (74 - 77).
-7
Evaluate -1 + (-13 - (6 - 11)).
-9
-4 + 0 + (-1 - -2) + -1
-4
-8 + 0 + (-9 - -12) + 1
-4
Calculate (-3 - 3) + (1 + 1 - 1).
-5
What is the value of 3 + (1 + -1 - 0) + -8?
-5
What is the value of -3 + (-4 - (2 + -4) - -5)?
0
Evaluate -1 + -4 + 1 + -1 + 1.
-4
What is the value of 9 - (5 + 0) - 6?
-2
(5 - (7 - 3)) + 0
1
Calculate 0 + 0 - ((-4 - -12) + -8).
0
What is the value of 0 + (3 - (1 - (-8 + 8)))?
2
What is the value of 0 + 3 - (6 - 7)?
4
Calculate 7 + -16 + (9 - 2).
-2
4 - 8 - (-4 + 3)
-3
Evaluate 9 + -7 + (12 